r when s is divided by m(x)?
16
Let v(d) = d + 1. Let t be v(1). Suppose -5*g - q + 51 = -t*q, 4*g - 5*q - 24 = 0. Calculate the remainder when g is divided by 5.
1
Let h(d) = -17*d - 37. Calculate the remainder when h(-3) is divided by 11.
3
Suppose 4*a = 0, 3*b + 368 = 7*b + 4*a. Suppose 6*g - 10*g = -b. Calculate the remainder when 91 is divided by g.
22
Let t = 4 - -5. Suppose -k = 4*k + 25. Calculate the remainder when 4/(16/(-20))*k is divided by t.
7
Suppose 5*d + d = 0. Suppose 0*t + 12*t - 300 = d. Calculate the remainder when t is divided by 13.
12
Suppose -b - 2*b = -30. What is the remainder when b is divided by (-90)/(-195) + (-111)/(-13)?
1
Suppose 1079*h = 1075*h + 92. Suppose 5*a + 25 = 5*q, -4*a + 13 - 1 = 0. Suppose 0 = 2*w - 16 - q. Calculate the remainder when h is divided by w.
11
Let a = 38 + -16. Let u = -350 + 437. What is the remainder when u is divided by a?
21
Calculate the remainder when 152 is divided by ((-4810)/111)/(8/(-12)).
22
Let w be -6 - (-5 - -2) - (1 + -76). Suppose 44*x - 46*x + w = 0. Let a = 14 + -1. Calculate the remainder when x is divided by a.
10
Suppose -3*j + 93 = 3*w, -3*j + 5*j = -w + 66. Calculate the remainder when 56 is divided by j.
21
Suppose -q - 4*q = -20. Suppose -234 = q*n - 10*n. Calculate the remainder when 74 is divided by n.
35
Let i = -168 - -172. What is the remainder when 14 is divided by i?
2
Suppose -5*k + k + 441 = 5*y, -2*k - 5*y = -223. What is the remainder when k is divided by 33?
10
Let d = 104 - 68. What is the remainder when 119 is divided by d?
11
Let a = 574 - 537. Calculate the remainder when 434 is divided by a.
27
Let l be (4/12)/((-2)/(-12)). Suppose 5*r - 24 = 2*r - 3*n, 4*r + l*n - 26 = 0. Suppose r*x - 65 = 50. What is the remainder when 68 is divided by x?
22
Let c(s) = -2*s**2 - 21*s - 30. Let j be (-14)/1*((-1)/(-2) - 0). Calculate the remainder when 56 is divided by c(j).
18
Calculate the remainder when (-9145)/(-10) + 95/(-38) is divided by 61.
58
Let x be 4 - (3 + (-7 - -4 - -2)). Suppose 13 = -l - 4*n + 58, -42 = -x*l + 4*n. What is the remainder when l is divided by 17?
12
Let k = -11 - -22. Suppose -k = -n - 3. Suppose -515 = 3*i - n*i. What is the remainder when i is divided by 26?
25
Let w(d) = d**3 + 8*d**2 + d + 11. Let u be w(-8). Let b be u + (-2)/2 + -1. What is the remainder when b/4 - (-1001)/44 is divided by 12?
11
Let f(m) = 3*m**3 + 36*m**2 - 4*m - 45. What is the remainder when 7 is divided by f(-12)?
1
Let a = 366 + -211. Calculate the remainder when a is divided by 47.
14
Suppose -4*v + 92 = 5*w, -w + 4*v - 12 = -2*w. What is the remainder when 95 is divided by w?
15
Let m(f) = -f**2 - 2*f + 41. Calculate the remainder when 53 is divided by m(-7).
5
Let r be 14/(-7)*(-10)/4. Suppose -v = -r*v + 216. Suppose 95 = 6*s - s. Calculate the remainder when v is divided by s.
16
Let v = 22 - 27. Let p(n) = 2*n - 4*n + 5*n**2 - 2 - 5*n + 3*n + n**3. Calculate the remainder when 35 is divided by p(v).
17
Suppose b - 36 = -4*c, -b + 0*c + 12 = -4*c. What is the remainder when 441 is divided by b?
9
Suppose 10*d = 12*d - 92. Suppose -6 = -6*p + 42. Calculate the remainder when d is divided by p.
6
Let a(h) = 27*h**2 + 12*h - 89. What is the remainder when a(5) is divided by 27?
25
Suppose -2*v + d = -6, 5*v - 18 = d + 3. Let f = v - -18. Calculate the remainder when f is divided by 4.
3
Let a = -13 + 15. Let c be (-12)/(-2) + 3 + -5. Suppose -c = -3*n - n. Calculate the remainder when a is divided by n.
0
Let s(k) = -6*k + 1. Let l be s(1). Suppose -4*p + 6*p = -30. Calculate the remainder when 9/l*50/p is divided by 3.
0
Let b = 147 + -81. Let x(m) = -47 + 5*m**2 + 3*m - 9*m + 38. What is the remainder when b is divided by x(-2)?
20
Suppose 0 = 9*p - 99 - 261. Let d = 18 + p. What is the remainder when d is divided by 20?
18
Suppose -14*b - 70 + 266 = 0. Calculate the remainder when 37 is divided by b.
9
Calculate the remainder when (-10 - (-558)/54)/(2/2262) is divided by 20.
17
Suppose 31*q + 366 - 1823 = 0. What is the remainder when 152 is divided by q?
11
Let z = -21 - -75. Let g be 2/(-4)*(-372)/6. Suppose -2*v + g = 4*h - 19, -2*h + v + 31 = 0. What is the remainder when z is divided by h?
12
Let c = 194 + -174. What is the remainder when c is divided by 12?
8
What is the remainder when (-5)/50*-1835*4 is divided by 23?
21
Suppose -3*p = 4*i - 56, 0 = 2*p + p. What is the remainder when (-170 - -6)*(-3)/12 is divided by i?
13
Suppose -839 = -16*o + 313. Calculate the remainder when 1438 is divided by o.
70
Let r(z) = z**2 - 19*z - 32. What is the remainder when 43 is divided by r(21)?
3
Let i(b) = 3*b - 5. Let s be i(11). Suppose -2*q + s = 2*h, 4*h + 9 = -3*q + 4*q. What is the remainder when 30 is divided by q?
4
Let t = 88 + -73. Suppose -t = 5*w - 5, -5*z + 2*w = -79. Calculate the remainder when 58 is divided by z.
13
Suppose -97*g - 1533 = -4540. What is the remainder when 898 is divided by g?
30
Let y = -26 - -37. Calculate the remainder when 20/90 + 268/(-9)*-1 is divided by y.
8
Suppose -125 = -10*n + 5*n + p, -2*p = 4*n - 114. Suppose 0 = -a - 4*g + 42, 7*a - 2*a + 3*g - 227 = 0. Calculate the remainder when a is divided by n.
20
Suppose 5*c + 10*c = 165. Let s = 11 + -24. Let w(y) = -y + 6. What is the remainder when w(s) is divided by c?
8
Suppose 28*f - 230 = 33*f. Let y = f - -68. Let x = 11 - 6. Calculate the remainder when y is divided by x.
2
Let z = 27 - -11. Let d = 13 - 3. What is the remainder when z is divided by d?
8
Let c(k) = 13*k - 8. Let p be c(-6). Let j = p + 128. Calculate the remainder when 122 is divided by j.
38
Suppose k + 15 = -2*k, 5*k + 27 = d. Suppose d*p = -3 + 25. Let n = 2395 + -2365. Calculate the remainder when n is divided by p.
8
Let z be (-3 + 17)/(2/(-45)). Let d be (-1)/4 + z/36. Let l = d + 16. Calculate the remainder when 18 is divided by l.
4
What is the remainder when 204 is divided by 1/(21/98)*9?
36
Let g = -20 + 23. Suppose -g*n + k = -3*k - 202, -259 = -4*n - 5*k. What is the remainder when n is divided by 17?
15
Suppose 4*w - 120 = -5*v + 20, 3*w = -4*v + 112. Suppose d - 5*a = 0, 3*d = d + 5*a + 20. What is the remainder when v is divided by d?
8
Suppose 141*u = 143*u + 4, 0 = 4*s - 4*u - 244. Calculate the remainder when 425 is divided by s.
12
Let t(n) = n**2 + 13*n + 20. Let a be (-9)/(-15) - 189/15. Let f = a - 2. Calculate the remainder when t(f) is divided by 18.
16
Suppose 632*f - 626*f - 912 = 0. What is the remainder when f is divided by 39?
35
Suppose 5*t - 4*c = 257, 3*t + 3*c + 153 = 6*t. What is the remainder when 85 is divided by t?
32
Suppose -23 = -x - 3*x - 5*r, 2*x - r - 1 = 0. Suppose 5*b = -x*y + 24, -4*b = 4*y - 1 - 11. What is the remainder when 10 is divided by b?
4
Let l be (6/5)/(24/3280). Suppose -2*d = 3*j - 187 - l, -3*d = -2*j + 234. Calculate the remainder when j is divided by 30.
27
Suppose 6*k = -4*k + 50. Suppose -t - 3*l = -l - 10, 2*t - k*l = 47. Calculate the remainder when 25 is divided by t.
9
Let d(y) = -y**3 + 7*y**2 - 10. Let z be d(7). Let a be (z/5)/(2 + -1). Let m(r) = 2*r**2 + r - 1. What is the remainder when 17 is divided by m(a)?
2
Suppose -2*r + 3 = 1. Let j be (3 + -2 + -1)/(-3). Calculate the remainder when j + -1 - 12/(-3) is divided by r.
0
Suppose 3*i + 5*j = 128, 169 = -34*i + 38*i + 5*j. Calculate the remainder when 402 is divided by i.
33
Suppose 11*d = 15633 - 2961. Suppose 7*t - d = -2*t. What is the remainder when t is divided by 26?
24
Let a be (3 + (3 - (-22)/(-4)))*0. Suppose -u - 5*m + 0*m + 48 = a, -2*m - 10 = 0. What is the remainder when u is divided by 19?
16
Suppose 3*n + 32 = -n. What is the remainder when 49 is divided by -26*4/n*1?
10
Let s be (4 - 1 - 3)/1. Suppose s = 3*p + 15, -w = 4*w + p - 360. Calculate the remainder when w is divided by 19.
16
Let x(a) = a**3 + 12*a**2 - 5*a - 1. Suppose 4*y = 3*y + 25. Calculate the remainder when x(-12) is divided by y.
9
Suppose 0 = 3*u - 12, -2*z - 3*u = -0*u - 8. What is the remainder when 714/(-7)*1/z is divided by 13?
12
Let c be 0/(-3) - 2/(-1). Suppose 0*m - 4*m + 182 = 5*h, -m - 65 = -c*h. Calculate the remainder when h is divided by 6.
4
Let k(z) be the first derivative of -z**4/4 - 2*z**3/3 + z**2/2 + 17*z - 29. Calculate the remainder when k(-5) is divide